z) + 5*b(z). List the prime factors of i(4).
2, 3
Let u = 4 + 4. Let l be (4/u)/((-1)/(-12)). What are the prime factors of 8 - (l*-1)/3?
2, 5
Suppose 0 = 3*q + 2 + 1. Let v be q/(2 + (-15)/6). Let x(w) = w**2 + w. What are the prime factors of x(v)?
2, 3
Suppose 4*b = -2*t - t + 436, b + 4*t = 109. Suppose 5*a - 289 = -b. Suppose 0 = -4*i + 2*u + a, 3*i = -3*u + 6 + 30. What are the prime factors of i?
2, 5
Suppose 5*x - 9 = q + 9, 2*x = -5*q - 9. Let w = 6 - 2. Suppose -w*u + u = -g - 13, 2*g = -x*u + 28. What are the prime factors of u?
2, 3
Let k(c) = -c - 12. Let l be k(-6). What are the prime factors of -5*(l + (-12)/(-4))?
3, 5
Suppose 0 = -3*g + 4*c + 95, -3*g = -0*g - 2*c - 103. List the prime factors of g.
37
Let g(o) = -4*o**3 - 3*o**2 - 4*o - 4. What are the prime factors of g(-2)?
2, 3
Suppose -g = 3*c + 1, 3*c = 3*g - 5*g - 2. Suppose u + c*u - 24 = 0. List the prime factors of u.
2, 3
Let s = -4 + 7. Suppose 0 = -s*c + 9, 3*c + 27 = 4*q. List the prime factors of q.
3
Let r be 1 + 2 - (-1 - -3). Suppose -8 = 3*q - 26. List the prime factors of -2 + q + r - 1.
2
What are the prime factors of (1 + 1/(-5))*3720/48?
2, 31
Let x(m) = 13*m**2 - 9. List the prime factors of x(3).
2, 3
Let c(m) = -18*m**3 - 1. Let j be c(-1). Let i = j - 2. List the prime factors of i.
3, 5
List the prime factors of 4*14/16*8.
2, 7
Let f = -89 + 145. List the prime factors of f.
2, 7
What are the prime factors of (1/3)/(3/612)?
2, 17
Let v(g) be the first derivative of g**3/3 - 3*g**2 + 2*g + 1. List the prime factors of v(6).
2
Let w be (-4 + 5)/((-2)/(-26)). Suppose 0 = 3*m - w - 38. Suppose -m = 4*z - 5*z. List the prime factors of z.
17
Let s be (-2)/(-1) + -1 + -3. Let o = 9 + s. What are the prime factors of o?
7
Let r(c) = c**2 - 8*c + 5. Let y be r(8). Let p = 8 + y. List the prime factors of p.
13
Let q = -48 - -84. What are the prime factors of q?
2, 3
Let h be 2 + (-4)/(-8)*4. Suppose -h*j + r = 3*r - 70, -j + 3*r = -14. List the prime factors of j.
17
Let m(q) be the first derivative of -3*q**2 + 1. List the prime factors of m(-2).
2, 3
Let z(c) = 91*c**2 + 3*c + 3. List the prime factors of z(-1).
7, 13
Let z = 1 - 4. Let g = z - -9. What are the prime factors of g?
2, 3
Suppose 2*p - 80 = 3*w, -p + 0*p - 3*w + 40 = 0. Suppose 5*d - p = d. List the prime factors of d.
2, 5
Suppose 0 = -2*p + 6*p - 132. What are the prime factors of p?
3, 11
List the prime factors of 0 + -3*(-34)/3.
2, 17
Suppose -2*j + 117 = -91. List the prime factors of j.
2, 13
Let t(p) = -7*p + 6. List the prime factors of t(-3).
3
Suppose -i - 2*i + k = -353, -5*k - 10 = 0. List the prime factors of i.
3, 13
Suppose 5*l + 2*u - 21 = 14, -u = -5. Suppose -m + 28 = -4*k - 11, l*m = -25. Let y = k - -18. What are the prime factors of y?
7
Suppose -3*o - 1447 = -8*o - h, 5*o - 5*h = 1465. What are the prime factors of o?
2, 5, 29
Suppose 5*n = -4*a + 310, 6*a = 7*a + 2*n - 76. List the prime factors of a.
2, 5
Suppose 4*w - 5*j - 36 = 0, -5*w + 4*w + 4*j + 9 = 0. List the prime factors of w.
3
Suppose -7*s + 42 = -0*s. Let v = s - -13. What are the prime factors of v?
19
Let m be ((-5)/(-2) - 2)*8. Suppose m*d - 3*v - 49 = 0, -4*d + 14 + 20 = 2*v. What are the prime factors of d?
2, 5
Suppose 3*x = -4*w + 29, -x - 59 = -4*w + 2*x. Let d = 12 - 17. Let z = d + w. What are the prime factors of z?
2, 3
Suppose -5*m + 0 = -20. What are the prime factors of m/2 + 4 + -2?
2
Suppose 3*k - 25 = -7*m + 2*m, 5*k = 0. Let b be (20/14)/((-16)/(-56)). Suppose b*a + 3*n - 8 - 7 = 0, m*n = -2*a - 13. List the prime factors of a.
2, 3
Suppose 0 = 4*f - 4*a - 1208, 3*f - 2*a = 5*f - 588. List the prime factors of f.
2, 149
Suppose -2*d = -3*j - 22, 2*d - j = 3*j + 26. Suppose -3*h + d*h = 24. What are the prime factors of h?
2, 3
Suppose -3*m = -3*j - 216, 0 = -4*m + 2*j + 180 + 118. What are the prime factors of m?
7, 11
Let m(c) = 3*c**2 + 22*c + 34. Let d(p) = -p**2 - 7*p - 11. Let k(a) = 8*d(a) + 3*m(a). What are the prime factors of k(-13)?
53
Suppose i + 2*h = -3*i + 10, 0 = -2*i + 4*h + 20. Let y(d) = 3*d + 2. Let f be y(2). Let q = f + i. List the prime factors of q.
2, 3
Suppose 4*u + 8 = 6*u. Suppose u*b + 3*x - 7*x = -124, -b = x + 29. Let w = -21 - b. What are the prime factors of w?
3
Let k be (2/4)/((-1)/(-4)). Suppose k*n = 6*n - 48. What are the prime factors of n?
2, 3
Suppose -4*k + 4 = -5*w - 68, 0 = -3*w. What are the prime factors of k?
2, 3
Suppose -43 = -r - 3*j, 6*j = -2*r + j + 81. What are the prime factors of r?
2, 7
Let y be (-9)/(2/((-4)/(-3))). Let p(j) = -j**3 - 7*j**2 - 8*j - 7. List the prime factors of p(y).
5
Let o = 1 + 8. Let d = o + -5. Suppose 40 = d*a - 24. List the prime factors of a.
2
Let r = 3 + -1. Suppose -18 - 38 = -r*a - 4*c, -4*c + 20 = a. Suppose a + 24 = 5*y. What are the prime factors of y?
2, 3
List the prime factors of 14 - -27 - -3*1.
2, 11
Suppose 5*p - p = 0. Let s = p + 6. Suppose -5*q - 11 = t - 0*t, 0 = t + 4*q + s. What are the prime factors of t?
2, 7
Let x(r) = -r - 1. Let y be x(-4). Suppose -b - 3*b + 24 = 3*v, y*b = v + 5. Let a = v + 0. What are the prime factors of a?
2
Let b = 261 - 57. List the prime factors of b.
2, 3, 17
Let r = -3 + 0. Suppose -2*t = 3*o - 0*o + 12, -5*o - 4 = -2*t. List the prime factors of -33*(10/t - r).
11
Let r = 6 - 2. Let u = r - 0. Suppose -u*t + 39 = -c, -t + 5*c + 1 = 15. What are the prime factors of t?
11
Suppose -2*o + 2*j = -3*j - 144, -5*j + 10 = 0. What are the prime factors of o?
7, 11
Let b(s) = -10*s - 10. What are the prime factors of b(-21)?
2, 5
Suppose -24 = -g + 140. What are the prime factors of g/5 + (-12)/(-60)?
3, 11
Suppose 3*q = 3*w + 804, w + 753 = 3*q - 47. List the prime factors of q.
2, 7, 19
Let n = 11 - 8. Let y = n + -2. List the prime factors of 18 - (-3 + 3 + y).
17
Let x be (1 - -1)/2*-1. Let o(c) = c**2 + 2*c + 1. Let v be o(-1). List the prime factors of (0 - v)*x - -2.
2
Let h(w) be the second derivative of w**5/20 - 2*w**4/3 + 3*w**3/2 - w. List the prime factors of h(7).
2, 7
Let r(o) = 19*o**3 + 4*o**2 - 3*o. Let t be r(2). Suppose -t = -5*u + f, 4*u - 3*f - 124 = -5*f. What are the prime factors of u?
2
Let m = -7 - -12. Suppose 0 = -5*o - 4*w + 3, 5*w = 5*o - 13 - 17. Suppose o*b - 1 = m. What are the prime factors of b?
2
Suppose -4*u + 4*s + 3 = -1, 4*s - 16 = 0. Let l = u - 1. Suppose 29 = l*a - a + 4*m, 2*m - 32 = -4*a. What are the prime factors of a?
7
What are the prime factors of 7 + 5 + (1 - 5)?
2
Let c(f) = 20*f**2 + f. What are the prime factors of c(1)?
3, 7
Let q(a) = 19 - 6*a + 2*a + 0*a. List the prime factors of q(-8).
3, 17
Let z(s) = s**3 + 7*s**2 - 5*s + 2. Let p be z(-6). Suppose 4*b - 8 - p = 0. List the prime factors of b.
19
Let p(k) = k**3 + 8*k**2 - 2*k + 6. List the prime factors of p(-7).
3, 23
Let r = 130 + -79. What are the prime factors of r?
3, 17
Let s(n) = n**2 + 3*n + 3. Let t = 0 + 3. Let c = 0 - t. List the prime factors of s(c).
3
Let n = -8 + 10. What are the prime factors of 20*(2 + -3 + n)?
2, 5
Let m = 39 + -4. List the prime factors of m.
5, 7
Suppose 4*n + 18 = 3*n. Let g = n + 28. Suppose 3*y + 3*x - 5*x - 18 = 0, g = 4*y + 2*x. What are the prime factors of y?
2
Suppose -n - 2*d = -4*n - 25, 0 = -3*n + 5*d - 13. Let c = 24 + -4. Let b = n + c. What are the prime factors of b?
3
Let k(z) = 2*z - 13. Let l be k(9). Suppose 14 = l*x + 134. List the prime factors of ((-6)/(-4))/((-6)/x).
2, 3
Suppose -11 - 9 = -4*f. What are the prime factors of f?
5
Let y be 4/14 - 4/14. Suppose -o + 5 + 1 = y. What are the prime factors of (o/5)/((-9)/(-30))?
2
List the prime factors of (-1 - 2)/((-6)/18).
3
Let m(d) = d**3 + d**2 + d + 9. Let w be m(0). Suppose -w = -2*c - 1. Suppose q = -p, -q - 4*q - 2 = c*p. What are the prime factors of p?
2
List the prime factors of 99/3*1 - -2.
5, 7
Suppose 2*v + 168 = 5*v - 3*d, 0 = 3*v + 5*d - 184. List the prime factors of v.
2, 29
Let m = 4 - -2. What are the prime factors of m?
2, 3
Suppose 10 = -5*c + 3*c. Let w = c - -5. Suppose 2*i - 10 = w, -5*v + 5 = 5*i - 75. What are the prime factors of v?
11
Let o = -7 + 8. Suppose 0 = -3*r + 3*b + 6, -11 = -3*r + b - o. Suppose 5*p + 19 = 4*q, 34 - 3 = q + r*p. What are the prime factors of q?
11
Let f(c) = -7*c + 3. Let t(o) = 27*o - 